{"version":"1.0","provider_name":"Alberto Peixoto","provider_url":"https:\/\/www.albertopeixoto.com.br\/blog","author_name":"Alberto Peixoto","author_url":"https:\/\/www.albertopeixoto.com.br\/blog\/author\/apeixoto\/","title":"A Independ\u00eancia do Brasil (de Portugal) - Alberto Peixoto","type":"rich","width":600,"height":338,"html":"<blockquote class=\"wp-embedded-content\" data-secret=\"qVqlFDoeCd\"><a href=\"https:\/\/www.albertopeixoto.com.br\/blog\/2018\/07\/06\/independencia-do-brasil-de-portugal\/\">A Independ\u00eancia do Brasil (de Portugal)<\/a><\/blockquote><iframe sandbox=\"allow-scripts\" security=\"restricted\" src=\"https:\/\/www.albertopeixoto.com.br\/blog\/2018\/07\/06\/independencia-do-brasil-de-portugal\/embed\/#?secret=qVqlFDoeCd\" width=\"600\" height=\"338\" title=\"&#8220;A Independ\u00eancia do Brasil (de Portugal)&#8221; &#8212; Alberto Peixoto\" data-secret=\"qVqlFDoeCd\" frameborder=\"0\" marginwidth=\"0\" marginheight=\"0\" scrolling=\"no\" class=\"wp-embedded-content\"><\/iframe><script>\n\/*! This file is auto-generated *\/\n!function(d,l){\"use strict\";l.querySelector&&d.addEventListener&&\"undefined\"!=typeof URL&&(d.wp=d.wp||{},d.wp.receiveEmbedMessage||(d.wp.receiveEmbedMessage=function(e){var t=e.data;if((t||t.secret||t.message||t.value)&&!\/[^a-zA-Z0-9]\/.test(t.secret)){for(var s,r,n,a=l.querySelectorAll('iframe[data-secret=\"'+t.secret+'\"]'),o=l.querySelectorAll('blockquote[data-secret=\"'+t.secret+'\"]'),c=new RegExp(\"^https?:$\",\"i\"),i=0;i<o.length;i++)o[i].style.display=\"none\";for(i=0;i<a.length;i++)s=a[i],e.source===s.contentWindow&&(s.removeAttribute(\"style\"),\"height\"===t.message?(1e3<(r=parseInt(t.value,10))?r=1e3:~~r<200&&(r=200),s.height=r):\"link\"===t.message&&(r=new URL(s.getAttribute(\"src\")),n=new URL(t.value),c.test(n.protocol))&&n.host===r.host&&l.activeElement===s&&(d.top.location.href=t.value))}},d.addEventListener(\"message\",d.wp.receiveEmbedMessage,!1),l.addEventListener(\"DOMContentLoaded\",function(){for(var e,t,s=l.querySelectorAll(\"iframe.wp-embedded-content\"),r=0;r<s.length;r++)(t=(e=s[r]).getAttribute(\"data-secret\"))||(t=Math.random().toString(36).substring(2,12),e.src+=\"#?secret=\"+t,e.setAttribute(\"data-secret\",t)),e.contentWindow.postMessage({message:\"ready\",secret:t},\"*\")},!1)))}(window,document);\n\/\/# sourceURL=https:\/\/www.albertopeixoto.com.br\/blog\/wp-includes\/js\/wp-embed.min.js\n<\/script>\n","description":"No dia 7 de setembro de 1822, Dom Pedro viajava com sua comitiva de Santos para S\u00e3o Paulo, j\u00e1 as margens do riacho Ipirnga recebeu de um mensageiro tr\u00eas cartas. Uma de seu pai D. Jo\u00e3o VI, Rei de Portugal, &hellip; Continue reading &rarr;","thumbnail_url":"https:\/\/www.albertopeixoto.com.br\/blog\/wp-content\/uploads\/2018\/07\/tio-sam-e-imprensa-300x167.jpg"}

A Independência do Brasil (de Portugal) - Alberto Peixoto

<blockquote class="wp-embedded-content" data-secret="qVqlFDoeCd"><a href="https://www.albertopeixoto.com.br/blog/2018/07/06/independencia-do-brasil-de-portugal/">A Independência do Brasil (de Portugal)</a></blockquote><iframe sandbox="allow-scripts" security="restricted" src="https://www.albertopeixoto.com.br/blog/2018/07/06/independencia-do-brasil-de-portugal/embed/#?secret=qVqlFDoeCd" width="600" height="338" title="&#8220;A Independência do Brasil (de Portugal)&#8221; &#8212; Alberto Peixoto" data-secret="qVqlFDoeCd" frameborder="0" marginwidth="0" marginheight="0" scrolling="no" class="wp-embedded-content"></iframe><script>
/*! This file is auto-generated */
!function(d,l){"use strict";l.querySelector&&d.addEventListener&&"undefined"!=typeof URL&&(d.wp=d.wp||{},d.wp.receiveEmbedMessage||(d.wp.receiveEmbedMessage=function(e){var t=e.data;if((t||t.secret||t.message||t.value)&&!/[^a-zA-Z0-9]/.test(t.secret)){for(var s,r,n,a=l.querySelectorAll('iframe[data-secret="'+t.secret+'"]'),o=l.querySelectorAll('blockquote[data-secret="'+t.secret+'"]'),c=new RegExp("^https?:$","i"),i=0;i<o.length;i++)o[i].style.display="none";for(i=0;i<a.length;i++)s=a[i],e.source===s.contentWindow&&(s.removeAttribute("style"),"height"===t.message?(1e3<(r=parseInt(t.value,10))?r=1e3:~~r<200&&(r=200),s.height=r):"link"===t.message&&(r=new URL(s.getAttribute("src")),n=new URL(t.value),c.test(n.protocol))&&n.host===r.host&&l.activeElement===s&&(d.top.location.href=t.value))}},d.addEventListener("message",d.wp.receiveEmbedMessage,!1),l.addEventListener("DOMContentLoaded",function(){for(var e,t,s=l.querySelectorAll("iframe.wp-embedded-content"),r=0;r<s.length;r++)(t=(e=s[r]).getAttribute("data-secret"))||(t=Math.random().toString(36).substring(2,12),e.src+="#?secret="+t,e.setAttribute("data-secret",t)),e.contentWindow.postMessage({message:"ready",secret:t},"*")},!1)))}(window,document);
//# sourceURL=https://www.albertopeixoto.com.br/blog/wp-includes/js/wp-embed.min.js
</script>

No dia 7 de setembro de 1822, Dom Pedro viajava com sua comitiva de Santos para São Paulo, já as margens do riacho Ipirnga recebeu de um mensageiro três cartas. Uma de seu pai D. João VI, Rei de Portugal, &hellip; Continue reading &rarr;
